-100)). Let f be 2/(4 + (-60)/w). Let t = 423 - 351. What is the greatest common divisor of t and f?
8
Let l be (-2)/56 + (-36384777)/(-12012). Calculate the highest common divisor of l and 13.
13
Suppose 2*i = -3*x + 1030, 19*i + 652 = 2*x + 16*i. Calculate the highest common factor of x and 247.
13
Let v = 358 - 367. Let h be (-3)/(v/186) - -2. What is the greatest common factor of 176 and h?
16
Suppose -19*z = -70 - 44. Let w be 1/(z/(-12) + (-67)/(-130)). What is the highest common factor of w and 39?
13
Let j(l) = -l**3 + 25*l**2 - 14*l + 48. Let k be j(24). Calculate the greatest common factor of k and 1476.
36
Suppose 606 = 5*s + 31. Suppose 0 = -6*y + 80 + 196. Calculate the highest common divisor of y and s.
23
Suppose 5*b + 4 - 9 = 0. Let h be (-2 + b)*(-146)/1. Suppose 1 = v + 5, -h = -2*j + 4*v. What is the highest common factor of 10 and j?
5
Suppose 67*r - 2096 = 2259. Suppose -r*s + 69*s - 188 = 0. What is the highest common divisor of 94 and s?
47
Let l = 30337 - -7649. What is the highest common factor of 39 and l?
39
Let a(g) = g - g + 25*g + 278*g**2 + 14 - 274*g**2. Let l be a(-10). Let t = -113 + l. Calculate the greatest common factor of t and 34.
17
Suppose -449 = -2*i - 17. Let h be (-1 - 1*-2) + -166 + 173. Suppose h*n = 44*n - 972. Calculate the greatest common factor of i and n.
27
Let f = -60 + 67. Let u be 36/(-21) - 2/f - -6. Suppose -5*x - u*p + 295 = 61, -96 = -2*x - p. What is the greatest common factor of x and 20?
10
Let x(l) = l + 39. Let z = -91 - -57. Let p be x(z). What is the highest common divisor of p and 9?
1
Let f(c) = -c**2 - 5*c + 3. Let k be f(-5). Suppose k*w - 15 = -0*w. Suppose 0 = -d + 15. What is the highest common divisor of d and w?
5
Suppose 364 = 8*o - 3*o + 4*x, 2*o - 168 = 4*x. Let z be (-3)/(27/6) - 421172/(-426). Calculate the greatest common divisor of o and z.
76
Let t(u) = 4 + 0 + 2*u**3 - u**3 - u**2 + 11*u - 12*u. Let b be t(2). Suppose 9*f + b - 33 = 0. What is the greatest common factor of 33 and f?
3
Let w be ((-1264)/64)/((-4)/144 + 0/2). What is the greatest common factor of w and 553?
79
Suppose 5*q = 5, -9*b + 6*b - 476 = -2*q. Let v = -108 - b. Calculate the highest common factor of 10 and v.
10
Suppose -3*k - 44539 + 44563 = 0. Suppose -5*w + 5 = 0, -4*f + 1 = 4*w - 59. Calculate the highest common factor of f and k.
2
Let k be 11232/42 + (48/(-14) - -3). Let q = k - 259. Let t be (-140)/(-18) - (-4)/18. What is the highest common divisor of q and t?
8
Let u(b) = -7*b + 1. Let z be u(7). Let g be (2 + (-21)/6)*z. Suppose 2*t = 6, -3*f + 4*t + g = 2*t. Calculate the greatest common factor of 182 and f.
26
Let g be 306*(2 - 12/9). Let w(b) = -7*b**3 - 5*b**2 - 8*b - 16. Let l be w(-2). Calculate the highest common divisor of g and l.
12
Suppose 0 = -5*p + 4*i + 2, -5*i + 2*i = -p - 4. Suppose p*q - 96 = -9*d + 6*d, -d = -3*q + 133. What is the highest common divisor of 120 and q?
15
Suppose 7*q - 16 = 2*l + 5*q, -l + 4*q - 8 = 0. Let j be (l + (2 - 0))*551/(-38). Calculate the highest common factor of 261 and j.
87
Let n be 21 + -1 + -22 - -1022. Calculate the greatest common divisor of n and 11050.
170
Let f = 197 + -231. Let c(s) = 4*s + 224. Let h be c(f). What is the highest common factor of h and 220?
44
Suppose -5*q - 15 = -65. Suppose -8*h + 38 = -q. Suppose 0 = 14*m - h*m - 136. Calculate the highest common factor of 136 and m.
17
Let d = -283 - -399. Suppose -7*w - 80 = d. Let p = w + 30. What is the highest common divisor of 6 and p?
2
Let j(n) = -n**2 - 18*n + 2. Let s be j(0). Suppose s*y = -37 + 49. Calculate the highest common divisor of 60 and y.
6
Suppose -4*r - 11*h + 8*h = -16, -5*r = 5*h - 25. Suppose v - r - 29 = -2*d, -5*v + 3*d = -150. What is the greatest common factor of v and 45?
15
Let w = -1931 - -3104. Let p = -666 + w. Calculate the highest common divisor of 39 and p.
39
Let f = -51 - -45. Let j be f/10 + (-515)/(-25). Calculate the highest common divisor of j and 40.
20
Suppose -330*k + 78228 + 6252 = 0. Calculate the highest common divisor of k and 22.
2
Let x(f) = -415*f + 2 - 13*f - 643*f. Let n be x(-1). Calculate the highest common factor of 29 and n.
29
Suppose 3*b - 4*w - 9 = -2*b, -w = 4*b - 3. Let d be 2/(-1) - (13 + b - -4). Let c = 33 + d. What is the highest common divisor of 143 and c?
13
Let b be -7 - (2/(-13) + 17995/(-65)). Calculate the highest common divisor of b and 150.
30
Suppose -3*i + 5*m = 11, 4*i = 8*i - 3*m. Let a = 86 + i. Let t = 134 - a. What is the greatest common factor of t and 45?
45
Let q be (-1188)/(-18) + 9 + 3/(-1). Let m be -6 - -3 - (-25 - 2). Let t be m - 1*0/(-4). What is the greatest common divisor of t and q?
24
Let x be 135/(-15)*140/12*(-12)/4. Calculate the greatest common divisor of 245 and x.
35
Let g be (-2648)/(-60) + 32/(-240) + -8. What is the highest common factor of g and 208?
4
Let p(b) = -4*b**2 - b - 1. Let i(y) = 13*y**2 - 13*y - 3. Let d(o) = -i(o) - 3*p(o). Let j be d(13). What is the highest common factor of 45 and j?
45
Suppose p + 4*p - 60 = 0. Let z(y) = 3*y**2 - 242*y - 1161. Let d be z(87). What is the greatest common divisor of d and p?
12
Let p = -9054 + 9071. What is the highest common factor of 1717 and p?
17
Let y be 5 + (-459500)/(-120) + 2/(-12). Calculate the greatest common divisor of y and 142.
142
Suppose 0 = p + 5*n - 10*n - 784, -2*n + 2982 = 4*p. Calculate the greatest common divisor of p and 535.
107
Let w(o) = 1168*o**2 + 33*o - 70. Let d be w(2). Calculate the greatest common factor of 24 and d.
12
Let l = -3196 - -3680. What is the highest common divisor of l and 55?
11
Let k be -5 - 1160/(35/(-7)). Let v = -220 + k. Calculate the greatest common divisor of v and 161.
7
Suppose -136*o = 50*o - 1674. What is the highest common divisor of o and 1359?
9
Let d = 45 - -120. Let k = 1224 + -1194. Calculate the highest common factor of k and d.
15
Let c = 107 + -98. Let a be (80/6)/((-16)/(-24)). Let k be ((-216)/a)/(2/(-5)). What is the greatest common divisor of c and k?
9
Suppose 3*z = 5*j + 27904, 2*z - 30*j - 18654 = -34*j. What is the greatest common divisor of z and 201?
67
Let u be ((-2 + 12)/1)/1. Let p = -58 + 107. Let h = 129 - p. Calculate the greatest common factor of u and h.
10
Let b be 12/30 - (7972/(-70) - (-16)/56). Calculate the highest common factor of b and 1862.
38
Let g be (20/(-8))/(4/(-24)*3). Suppose 0 = x + 3*w - 185 + 24, g*x - 862 = 4*w. What is the greatest common divisor of 10 and x?
10
Let v(w) = -1104*w - 11378. Let c be v(-27). What is the greatest common factor of 19 and c?
19
Let h(j) = -j**2 + 20*j - 14. Suppose -20 = 7*c - 8*c. Let l be h(c). Let v = 32 + l. Calculate the greatest common divisor of 45 and v.
9
Let x = 21 - 21. Suppose -4*h = z - 12, -2*h - 5*z - 12 + 36 = x. Suppose h*c - 10 = 4*b, 0*c - 23 = -3*c - 2*b. Calculate the highest common factor of c and 7.
7
Suppose 7*j - 20 = -3*j. Suppose -j*w + 520 = 486. What is the highest common divisor of w and 51?
17
Suppose 3*k + 5*p - 46 = 0, k - p = -3*p + 17. Let d(m) = -15*m**3 - 6*m**2 + 11*m + 3. Let b be d(-2). Calculate the greatest common divisor of k and b.
7
Let y be ((-6)/(-7))/((-10)/(-840)). Let j(p) = 590*p + 6517. Let t be j(-11). Calculate the highest common factor of t and y.
9
Suppose -2*x + 10 = -0*x. Suppose 4*a - 9 = 2*a + 5*j, -30 = -2*a - 2*j. Suppose 5 = w, -2*w + 42 - a = 4*m. Calculate the greatest common divisor of x and m.
5
Let o be (-4)/(-10)*1 + (-594)/10. Let t = 62 + o. Suppose t*g - 30 = -12. What is the highest common divisor of g and 54?
6
Let f = 9349 + -4825. Calculate the greatest common factor of f and 116.
116
Suppose 6*h - 64790 = h - 14*h. Calculate the greatest common factor of h and 20.
10
Suppose -217*w + 91*w + 104*w + 616 = 0. What is the greatest common divisor of w and 36?
4
Let f = 1429 - 511. Suppose -2*z = -5*w - 945, 0 = -2*z - w - 3*w + f. What is the highest common factor of 62 and z?
31
Suppose 0 = 4*q - 4, 5*m - 62*q + 54*q = 127. What is the highest common divisor of m and 351?
27
Let s be (2 - 37)/((-27)/297). Let m be ((-24)/(-14))/(22/s). What is the highest common divisor of m and 40?
10
Let d be 3 + 845 + 2/(-1). Suppose 0 = 46*z - 10553 + 1905. Calculate the greatest common divisor of z and d.
94
Let u be 3